16) to base 12
-4a16
-9a6 (base 12) to base 3
-1221200
671 (base 13) to base 12
782
What is 211201 (base 3) in base 15?
2ad
What is -12100 (base 4) in base 3?
-112211
What is 6f0 (base 16) in base 15?
7d6
Convert -217 (base 11) to base 3.
-100122
Convert -8194 (base 14) to base 7.
-121644
What is -584 (base 16) in base 9?
-1838
What is -336 (base 8) in base 11?
-192
What is -10a83 (base 15) in base 14?
-15458
Convert -3a (base 16) to base 12.
-4a
8b (base 13) to base 4
1303
-2b88 (base 12) to base 9
-7045
Convert -601 (base 15) to base 5.
-20401
What is -24f6 (base 16) in base 14?
-363c
10023 (base 5) to base 14
338
What is 239 (base 10) in base 7?
461
What is -675 (base 8) in base 15?
-1ea
Convert -256 (base 8) to base 12.
-126
460 (base 8) to base 15
154
-d7aa (base 16) to base 15
-1155a
-340412 (base 5) to base 14
-451c
-12413 (base 5) to base 7
-2603
-14a1 (base 11) to base 12
-1146
Convert -616 (base 7) to base 13.
-1a8
2279 (base 10) to base 13
1064
What is -14343 (base 8) in base 5?
-200441
What is -11133 (base 12) in base 8?
-54167
Convert -133 (base 9) to base 2.
-1101111
10445 (base 11) to base 6
154130
50d (base 15) to base 12
7aa
-1001011001 (base 2) to base 3
-211021
5331 (base 15) to base 10
17596
12121122 (base 4) to base 5
1314302
-1001011000100 (base 2) to base 12
-2944
Convert 248c (base 14) to base 9.
8686
Convert 1220122 (base 3) to base 2.
10101110010
-1e0 (base 16) to base 10
-480
Convert -16319 (base 10) to base 8.
-37677
What is 1b54 (base 12) in base 7?
12562
-110000 (base 4) to base 12
-8a8
What is 313 (base 16) in base 6?
3351
20033 (base 5) to base 12
898
What is -10 (base 5) in base 12?
-5
Convert 33032 (base 6) to base 14.
1936
What is -382 (base 11) in base 14?
-245
Convert -111100212 (base 3) to base 16.
-260f
1101001100 (base 2) to base 16
34c
Convert -6375 (base 9) to base 2.
-1001001001101
-23031 (base 5) to base 11
-1262
7295 (base 11) to base 12
5713
Convert 899 (base 15) to base 9.
2600
What is -17117 (base 9) in base 3?
-121010121
1551 (base 12) to base 3
10102221
Convert 7bb1 (base 14) to base 11.
15193
Convert 856d (base 15) to base 16.
6e44
What is 111b (base 15) in base 12?
2122
-26176 (base 8) to base 11
-8615
What is -5966 (base 11) in base 13?
-3733
What is 41514 (base 7) in base 14?
3a0b
Convert 4c4 (base 16) to base 8.
2304
-19a (base 13) to base 7
-602
What is -132223 (base 4) in base 7?
-5503
2122104 (base 5) to base 13
1345b
Convert -1121130 (base 4) to base 9.
-7760
Convert 2011021 (base 3) to base 15.
6ed
What is a725 (base 11) in base 5?
423214
32a (base 12) to base 16
1d2
566 (base 13) to base 10
929
12413 (base 5) to base 12
69b
-130132 (base 5) to base 2
-1001110110010
What is 10011111011010 (base 2) in base 16?
27da
What is -31730 (base 8) in base 6?
-141240
-2022200 (base 3) to base 9
-2280
What is 554 (base 9) in base 3?
121211
What is -11344 (base 7) in base 15?
-ced
-2806 (base 15) to base 14
-3192
Convert 143135 (base 6) to base 9.
20665
Convert -340204 (base 6) to base 12.
-14664
Convert -11110010001 (base 2) to base 3.
-2122202
Convert -411233 (base 5) to base 9.
-20237
What is -1a2c (base 13) in base 14?
-1605
What is 11a1 (base 16) in base 11?
3433
What is 42c (base 15) in base 6?
4210
-aa5 (base 11) to base 15
-5d5
What is -1120101 (base 3) in base 14?
-5ba
Convert 12032 (base 4) to base 16.
18e
What is -20217 (base 9) in base 7?
-53530
-1263 (base 15) to base 12
-2326
Convert d4c (base 14) to base 12.
1620
26f (base 16) to base 14
327
Convert -49dd (base 15) to base 3.
-210120201
What is -2453 (base 8) in base 11?
-aa3
What is 10110000011101 (base 2) in base 11?
8537
What is -54 (base 13) in base 10?
-69
What is -20012012 (base 3) in base 14?
-1906
What is -470 (base 14) in base 2?
-1101110010
1050 (base 9) to base 15
369
113511 (base 7) to base 15
6110
What is 406 (base 11) in base 3?
200011
What is -12da (base 14) in base 7?
-12463
Convert -2302 (base 5) to base 3.
-110010
Convert -24851 (base 9) to base 15.
-4e57
-464 (base 13) to base 15
-358
What is -112635 (base 7) in base 15?
-5ec9
Convert -850 (base 13) to base 4.
-112021
What is 220102102 (base 3) in base 6?
214232
Convert -21221 (base 5) to base 12.
-9b8
Convert -41b (base 13) to base 2.
-1010111100
2af9 (base 16) to base 6
122533
Convert -103303 (base 5) to base 13.
-1823
Convert 20230 (base 4) to base 16.
22c
What is 10378 (base 10) in base 11?
7885
214c (base 13) to base 16
1213
Convert 243511 (base 6) to base 12.
10597
Convert -1532 (base 6) to base 13.
-260
Convert -c58e (base 16) to base 14.
-14606
753 (base 8) to base 6
2135
-5761 (base 8) to base 14
-1185
-50232 (base 7) to base 4
-2331132
What is 1f66 (base 16) in base 12?
479a
What is -402332 (base 5) in base 13?
-5acb
-22222 (base 3) to base 9
-288
What is 4363 (base 7) in base 12?
aa4
Convert 132002 (base 8) to base 15.
d9c2
What is -32c (base 13) in base 16?
-221
Convert 21102102 (base 3) to base 14.
1d87
Convert 28119 (base 10) to base 16.
6dd7
-303242 (base 5) to base 14
-3818
Convert -337 (base 15) to base 5.
-10402
Convert -1022142 (base 5) to base 4.
-10030110
Convert 10e4 (base 16) to base 5.
114244
What is -35305 (base 6) in base 7?
-20546
Convert 2221022 (base 3) to base 16.
85d
What is -1137 (base 9) in base 8?
-1514
What is 2212 (base 6) in base 12?
368
-656 (base 9) to base 10
-537
What is -11328 (base 10) in base 13?
-5205
10242 (base 5) to base 16
2b9
Convert 1144 (base 6) to base 10.
280
Convert 231102 (base 5) to base 2.
10000001010101
210221 (base 4) to base 14
bd7
-2121110 (base 3) to base 4
-131232
What is -3560 (base 15) in base 6?
-124300
Convert 8d (base 14) to base 9.
148
What is 16b0 (base 14) in base 12?
2436
512 (base 16) to base 11
a80
Convert -4510 (base 6) to base 4.
-100122
-836 (base 11) to base 9
-1338
-56332 (base 7) to base 6
-145521
-823 (base 11) to base 13
-5b5
Convert -16 (base 8) to base 9.
-15
What is fc68 (base 16) in base 5?
4031431
6340 (base 7) to base 15
9dd
Convert -1a80 (base 15) to base 4.
-1121301
271 (base 12) to base 15
19d
Convert -1002021 (base 3) to base 8.
-1426
3d5 (base 14) to base 9
1051
Convert 3475 (base 14) to base 6.
110115
What is 11847 (base 12) in base 13?
aa0b
What is 7c4e (base 15) in base 13?
c029
1400 (base 6) to base 5
2420
2252 (base 7) to base 6
3445
Convert -3b7 (base 14) to base 7.
-2120
What is 85 (base 10) in base 11?
78
What is -457 (base 16) in base 10?
-1111
-2001013 (base 4) to base 13
-39b8
Convert -1565 (base 7) to base 14.
-335
-5160 (base 15) to base 5
-1022230
Convert -1234231 (base 5) to base 4.
-11323330
Convert 964 (base 12) to base 14.
700
Convert 105312 (base 6) to base 3.
110022022
Convert -12074 (base 16) to base 5.
-4330334
What is -255d (base 15) in base 13?
-3817
What is 1552 (base 9) in base 16?
49d
What is 740b (base 15) in base 3?
1020122202
What is -109 (base 14) in base 16?
-cd
What is c6e (base 15) in base 3?
10211212
What is 1111 (base 5) in base 12?
110
What is 770 (base 10) in base 9?
1045
-48863 (base 11) to base 2
-10001001001101001
228 (base 13) to base 8
564
What is 2162 (base 8) in base 12?
7aa
Convert -29b (base 13) to base 15.
-211
What is 2321 (base 8) in base 15?
573
-150111 (base 6) to base 10
-14299
What is -110210 (base 4) in base 11?
-a97
Convert 32605 (base 8) to base 11.
a326
What is -16022 (base 7) in base 13?
-2063
Convert -3a91 (base 12) to base 8.
-15115
Convert -222222102 (base 3) to base 15.
-5c62
-d05 (base 15) to base 16
-b72
What is -1232 (base 10) in base 6?
-5412
What is -3315 (base 10) in base 13?
-1680
What is -12424 (base 5) in base 10?
-989
123 (base 13) to base 12
146
What is 1140 (base 12) in base 2?
11110000000
Convert -1012333 (base 4) to base 13.
-20b6
1010010000 (base 2) to base 14
34c
Convert -339b (base 13) to base 4.
-1300322
What is -44d (base 15) in base 14?
-4d7
-22232 (base 6) to base 14
-11c8
What is -277 (base 10) in base 12?
-1b1
110 (base 4) to base 8
24
-13304 (base 7) to base 3
-11220122
Convert -577 (base 9) to base 4.
-13123
Convert -15b (base 14) to base 12.
-1b1
What is -41 (base 13) in base 5?
-203
Convert -1786 (base 9) to base 2.
-10101011110
2661 (base 13) to base 3
21112020
Convert 165 (base 7) to base 11.
88
Convert 1eb (base 16) to base 3.
200012
253050 (base 6) to base 12
11186
-24166 (b